
{"id":8243,"date":"2022-10-17T14:15:59","date_gmt":"2022-10-17T12:15:59","guid":{"rendered":"https:\/\/supercykelstier.dk\/koncept\/?page_id=8243"},"modified":"2023-03-24T11:22:01","modified_gmt":"2023-03-24T10:22:01","slug":"loebende-monitorering-af-supercykelstierne","status":"publish","type":"page","link":"https:\/\/supercykelstier.dk\/koncept\/effektmaaling\/loebende-monitorering-af-supercykelstierne\/","title":{"rendered":"L\u00f8bende monitorering af supercykelstierne"},"content":{"rendered":"<p>Det er en god ide l\u00f8bende at monitorere supercykelstierne. P\u00e5 den m\u00e5de bliver det muligt at f\u00f8lge med i udviklingen over tid. Det kan g\u00f8res p\u00e5 forskellige m\u00e5der:<\/p>\n\n\n\n<div class=\"wp-block-group alignfull has-background-green-lighter-background-color has-background is-layout-constrained wp-block-group-is-layout-constrained\">\n<div style=\"height:6px\" aria-hidden=\"true\" class=\"wp-block-spacer\"><\/div>\n\n\n\n<div class=\"wp-block-group accordion is-layout-flow wp-block-group-is-layout-flow\" style=\"padding-bottom:var(--wp--preset--spacing--60)\">\n<div class=\"wp-block-group panel is-layout-flow wp-block-group-is-layout-flow\">\n<div class=\"wp-block-columns are-vertically-aligned-center header is-layout-flex wp-container-core-columns-is-layout-28f84493 wp-block-columns-is-layout-flex\">\n<div class=\"wp-block-column is-vertically-aligned-center is-layout-flow wp-block-column-is-layout-flow\">\n<h4 class=\"has-text-align-left wp-block-heading\" id=\"hvem-star-bag-supercykelstierne-icon-name-arrow-down-long-prefix-fat\"><strong>\u00c5rlige cykelt\u00e6llinger<\/strong> <i class=\"fat fa-arrow-down-long\"><\/i><\/h4>\n<\/div>\n<\/div>\n\n\n\n<div class=\"wp-block-group content has-background-green-lighter-background-color has-background is-layout-flow wp-block-group-is-layout-flow\" style=\"padding-top:2rem;padding-right:2rem;padding-bottom:0.5rem;padding-left:2rem\">\n<p class=\"has-background-green-lighter-background-color has-background\">\u00c5rlige cykelt\u00e6llinger udf\u00f8res for at monitorere udvikling af cykeltrafikken p\u00e5 supercykelstier over tid. <\/p>\n\n\n\n<p>Udover de cykelt\u00e6llinger, som udf\u00f8res som en del af f\u00f8r- og efterm\u00e5lingen af en supercykelsti, s\u00e5 forts\u00e6tter Supercykelstisamarbejdet i hovedstadsregionen med at monitorere udviklingen af cykeltrafikken p\u00e5 ruten over tid. Dette g\u00f8res ved \u00e5rlige cykelt\u00e6llinger efter ruten er etableret.<\/p>\n\n\n\n<p><strong>Retningslinjerne for de \u00e5rlige cykelt\u00e6llinger er: <\/strong><\/p>\n\n\n\n<ul class=\"wp-block-list\" id=\"cykelt\u00e6llinger\" style=\"padding-right:var(--wp--preset--spacing--40);padding-left:var(--wp--preset--spacing--70)\">\n<li>De \u00e5rlige cykelt\u00e6llinger skal udf\u00f8res p\u00e5 samme tid hvert \u00e5r (den f\u00f8rste hverdagsuge i september). T\u00e6llingerne ligger altid p\u00e5 den samme tid p\u00e5 \u00e5ret for, at de s\u00e6sonm\u00e6ssigt er s\u00e5 sammenlignelige som muligt. Tidspunktet ligger uden for sommer\/vinter ekstremerne b\u00e5de med hensyn til lys\/m\u00f8rke og temperatur, og undg\u00e5r skoleferier og helligdage<\/li>\n\n\n\n<li>T\u00e6llestationerne skal placeres samme sted hvert \u00e5r. T\u00e6llelokationerne skal fordeles j\u00e6vnt langs hele supercykelstien med minimum en t\u00e6lling i hver kommune og typisk med 3-4 km mellem hver t\u00e6llestation.<\/li>\n\n\n\n<li>T\u00e6llingerne udf\u00f8res som maskinelle slanget\u00e6llinger (trykslanger). Metoden er relativt billig, let at s\u00e6tte op og fungerer godt til periodiske t\u00e6llinger \u2013 som for eksempel t\u00e6llinger i en uge om \u00e5ret.<br><\/li>\n<\/ul>\n\n\n\n<p><\/p>\n\n\n\n<p>I Supercykelstisamarbejdet i hovedstadsregionen koordinerer sekretariatet de \u00e5rlige t\u00e6llinger.<\/p>\n\n\n\n<p>I 2019 har Vejdirektoratet udgivet en folder &#8220;<a href=\"https:\/\/www.vejdirektoratet.dk\/sites\/default\/files\/2019-06\/Cykelt%C3%A6llinger_Pixibog_WEB_wcag.pdf\" target=\"_blank\" rel=\"noreferrer noopener\">Cykelt\u00e6llinger &#8211; Metoder, tjeklister og inspiration<\/a>&#8221; om cykletrafikt\u00e6llinger, som er en fin ressource til planl\u00e6gning og udf\u00f8rsel. <\/p>\n<\/div>\n<\/div>\n\n\n\n<div class=\"wp-block-group panel is-layout-flow wp-block-group-is-layout-flow\">\n<div class=\"wp-block-columns are-vertically-aligned-center header is-layout-flex wp-container-core-columns-is-layout-28f84493 wp-block-columns-is-layout-flex\">\n<div class=\"wp-block-column is-vertically-aligned-center is-layout-flow wp-block-column-is-layout-flow\">\n<h4 class=\"wp-block-heading\" id=\"hvem-star-bag-supercykelstierne-icon-name-arrow-down-long-prefix-fat\"><strong>Faste t\u00e6llestationer<\/strong> <i class=\"fat fa-arrow-down-long\"><\/i><\/h4>\n<\/div>\n<\/div>\n\n\n\n<div class=\"wp-block-group content has-background-green-lighter-background-color has-background is-layout-flow wp-block-group-is-layout-flow\" style=\"padding-top:2rem;padding-right:2rem;padding-bottom:0.5rem;padding-left:2rem\">\n<p>En m\u00e5de at f\u00e5 et billede af udviklingen i cykeltrafikken p\u00e5 er gennem faste t\u00e6llestationer med kontinuerte t\u00e6llinger, som for eksempel via et cykelbarometer. <\/p>\n\n\n\n<p>Disse barometre t\u00e6ller konstant gennem alle s\u00e6soner p\u00e5 et \u00e5r, s\u00e5 de kan give et mere n\u00f8jagtigt billede af udviklingen de steder, hvor de er sat op.<\/p>\n\n\n\n<p>T\u00e6llingerne fra cykelbarometrene p\u00e5 supercykelstierne i hovedstadsregionen kan findes i Mastra.<\/p>\n\n\n\n<div class=\"wp-block-buttons is-layout-flex wp-block-buttons-is-layout-flex\">\n<div class=\"wp-block-button has-custom-font-size is-style-outline has-tiny-font-size is-style-outline--1\"><a class=\"wp-block-button__link wp-element-button\" href=\"https:\/\/supercykelstier.dk\/koncept\/design-og-anlaeg\/servicetiltag-paa-supercykelstier\/#cykelbarometre\" target=\"_blank\" rel=\"noreferrer noopener\">L\u00e6s mere om cykelbarometre her<\/a><\/div>\n<\/div>\n\n\n\n<div style=\"height:10px\" aria-hidden=\"true\" class=\"wp-block-spacer\"><\/div>\n<\/div>\n<\/div>\n\n\n\n<div class=\"wp-block-group panel is-layout-flow wp-block-group-is-layout-flow\">\n<div class=\"wp-block-columns are-vertically-aligned-center header is-layout-flex wp-container-core-columns-is-layout-28f84493 wp-block-columns-is-layout-flex\">\n<div class=\"wp-block-column is-vertically-aligned-center is-layout-flow wp-block-column-is-layout-flow\">\n<h4 class=\"wp-block-heading\" id=\"hvem-star-bag-supercykelstierne-icon-name-arrow-down-long-prefix-fat\"><strong>\u00c5rlige cykelstiinspektioner<\/strong> <i class=\"fat fa-arrow-down-long\"><\/i><\/h4>\n<\/div>\n<\/div>\n\n\n\n<div class=\"wp-block-group content has-background-green-lighter-background-color has-background is-layout-flow wp-block-group-is-layout-flow\" style=\"padding-top:2rem;padding-right:2rem;padding-bottom:0.5rem;padding-left:2rem\">\n<p>For at monitorere standarden p\u00e5 supercykelstier efter anl\u00e6g er det ogs\u00e5 en god ide l\u00f8bende at udf\u00f8re cykelstiinspektioner. Cykelstiinspektionerne har fokus p\u00e5 drifts- og vedligeholdelsesstandarden.<\/p>\n\n\n\n<p>I Supercykelstisamarbejdet i hovedstadsomr\u00e5det udf\u00f8res cykelstiinspektionerne en gang \u00e5rligt.<\/p>\n\n\n\n<div class=\"wp-block-buttons is-layout-flex wp-block-buttons-is-layout-flex\">\n<div class=\"wp-block-button has-custom-font-size is-style-outline has-tiny-font-size is-style-outline--2\"><a class=\"wp-block-button__link wp-element-button\" href=\"https:\/\/supercykelstier.dk\/koncept\/vedligehold\/#inspektion\u00e5\" target=\"_blank\" rel=\"noreferrer noopener\">L\u00e6s mere om cykelstiinspektioner her<\/a><\/div>\n<\/div>\n\n\n\n<div style=\"height:10px\" aria-hidden=\"true\" class=\"wp-block-spacer\"><\/div>\n<\/div>\n<\/div>\n<\/div>\n\n\n\n<p><\/p>\n<\/div>","protected":false},"excerpt":{"rendered":"<p>Det er en god ide l\u00f8bende at monitorere supercykelstierne. P\u00e5 den m\u00e5de bliver det muligt at f\u00f8lge med i udviklingen over tid. Det kan g\u00f8res p\u00e5 forskellige m\u00e5der: \u00c5rlige cykelt\u00e6llinger \u00c5rlige cykelt\u00e6llinger udf\u00f8res for at monitorere udvikling af cykeltrafikken p\u00e5 supercykelstier over tid. Udover de cykelt\u00e6llinger, som udf\u00f8res som en del af f\u00f8r- og efterm\u00e5lingen [&hellip;]<\/p>","protected":false},"author":53,"featured_media":0,"parent":8210,"menu_order":0,"comment_status":"closed","ping_status":"closed","template":"","meta":{"_acf_changed":false,"_relevanssi_hide_post":"","_relevanssi_hide_content":"","_relevanssi_pin_for_all":"","_relevanssi_pin_keywords":"","_relevanssi_unpin_keywords":"","_relevanssi_related_keywords":"","_relevanssi_related_include_ids":"","_relevanssi_related_exclude_ids":"","_relevanssi_related_no_append":"","_relevanssi_related_not_related":"","_relevanssi_related_posts":"2987,3189,817,2778,2264,1946","_relevanssi_noindex_reason":"","_eb_attr":"","editor_notices":[],"footnotes":""},"class_list":["post-8243","page","type-page","status-publish","hentry"],"acf":[],"yoast_head":"<!-- This site is optimized with the Yoast SEO plugin v27.3 - https:\/\/yoast.com\/product\/yoast-seo-wordpress\/ -->\n<title>L\u00f8bende monitorering af supercykelstierne - Koncept for Supercykelstier<\/title>\n<meta name=\"robots\" content=\"index, follow, max-snippet:-1, max-image-preview:large, max-video-preview:-1\" \/>\n<link rel=\"canonical\" href=\"https:\/\/supercykelstier.dk\/koncept\/effektmaaling\/loebende-monitorering-af-supercykelstierne\/\" \/>\n<meta property=\"og:locale\" content=\"da_DK\" \/>\n<meta property=\"og:type\" content=\"article\" \/>\n<meta property=\"og:title\" content=\"L\u00f8bende monitorering af supercykelstierne - Koncept for Supercykelstier\" \/>\n<meta property=\"og:description\" content=\"Det er en god ide l\u00f8bende at monitorere supercykelstierne. P\u00e5 den m\u00e5de bliver det muligt at f\u00f8lge med i udviklingen over tid. Det kan g\u00f8res p\u00e5 forskellige m\u00e5der: \u00c5rlige cykelt\u00e6llinger \u00c5rlige cykelt\u00e6llinger udf\u00f8res for at monitorere udvikling af cykeltrafikken p\u00e5 supercykelstier over tid. Udover de cykelt\u00e6llinger, som udf\u00f8res som en del af f\u00f8r- og efterm\u00e5lingen [&hellip;]\" \/>\n<meta property=\"og:url\" content=\"https:\/\/supercykelstier.dk\/koncept\/effektmaaling\/loebende-monitorering-af-supercykelstierne\/\" \/>\n<meta property=\"og:site_name\" content=\"Koncept for Supercykelstier\" \/>\n<meta property=\"article:modified_time\" content=\"2023-03-24T10:22:01+00:00\" \/>\n<meta name=\"twitter:card\" content=\"summary_large_image\" \/>\n<meta name=\"twitter:label1\" content=\"Estimeret l\u00e6setid\" \/>\n\t<meta name=\"twitter:data1\" content=\"2 minutter\" \/>\n<script type=\"application\/ld+json\" class=\"yoast-schema-graph\">{\"@context\":\"https:\\\/\\\/schema.org\",\"@graph\":[{\"@type\":\"WebPage\",\"@id\":\"https:\\\/\\\/supercykelstier.dk\\\/koncept\\\/effektmaaling\\\/loebende-monitorering-af-supercykelstierne\\\/\",\"url\":\"https:\\\/\\\/supercykelstier.dk\\\/koncept\\\/effektmaaling\\\/loebende-monitorering-af-supercykelstierne\\\/\",\"name\":\"L\u00f8bende monitorering af supercykelstierne - Koncept for Supercykelstier\",\"isPartOf\":{\"@id\":\"https:\\\/\\\/supercykelstier.dk\\\/koncept\\\/#website\"},\"datePublished\":\"2022-10-17T12:15:59+00:00\",\"dateModified\":\"2023-03-24T10:22:01+00:00\",\"breadcrumb\":{\"@id\":\"https:\\\/\\\/supercykelstier.dk\\\/koncept\\\/effektmaaling\\\/loebende-monitorering-af-supercykelstierne\\\/#breadcrumb\"},\"inLanguage\":\"da-DK\",\"potentialAction\":[{\"@type\":\"ReadAction\",\"target\":[\"https:\\\/\\\/supercykelstier.dk\\\/koncept\\\/effektmaaling\\\/loebende-monitorering-af-supercykelstierne\\\/\"]}]},{\"@type\":\"BreadcrumbList\",\"@id\":\"https:\\\/\\\/supercykelstier.dk\\\/koncept\\\/effektmaaling\\\/loebende-monitorering-af-supercykelstierne\\\/#breadcrumb\",\"itemListElement\":[{\"@type\":\"ListItem\",\"position\":1,\"name\":\"Hjem\",\"item\":\"https:\\\/\\\/supercykelstier.dk\\\/koncept\\\/\"},{\"@type\":\"ListItem\",\"position\":2,\"name\":\"Effektm\u00e5ling\",\"item\":\"https:\\\/\\\/supercykelstier.dk\\\/koncept\\\/effektmaaling\\\/\"},{\"@type\":\"ListItem\",\"position\":3,\"name\":\"L\u00f8bende monitorering af supercykelstierne\"}]},{\"@type\":\"WebSite\",\"@id\":\"https:\\\/\\\/supercykelstier.dk\\\/koncept\\\/#website\",\"url\":\"https:\\\/\\\/supercykelstier.dk\\\/koncept\\\/\",\"name\":\"Koncept for Supercykelstier\",\"description\":\"\",\"publisher\":{\"@id\":\"https:\\\/\\\/supercykelstier.dk\\\/koncept\\\/#organization\"},\"potentialAction\":[{\"@type\":\"SearchAction\",\"target\":{\"@type\":\"EntryPoint\",\"urlTemplate\":\"https:\\\/\\\/supercykelstier.dk\\\/koncept\\\/?s={search_term_string}\"},\"query-input\":{\"@type\":\"PropertyValueSpecification\",\"valueRequired\":true,\"valueName\":\"search_term_string\"}}],\"inLanguage\":\"da-DK\"},{\"@type\":\"Organization\",\"@id\":\"https:\\\/\\\/supercykelstier.dk\\\/koncept\\\/#organization\",\"name\":\"Koncept for Supercykelstier\",\"url\":\"https:\\\/\\\/supercykelstier.dk\\\/koncept\\\/\",\"logo\":{\"@type\":\"ImageObject\",\"inLanguage\":\"da-DK\",\"@id\":\"https:\\\/\\\/supercykelstier.dk\\\/koncept\\\/#\\\/schema\\\/logo\\\/image\\\/\",\"url\":\"https:\\\/\\\/supercykelstier.dk\\\/koncept\\\/wp-content\\\/uploads\\\/sites\\\/4\\\/2022\\\/01\\\/super-cykelstier-logo.svg\",\"contentUrl\":\"https:\\\/\\\/supercykelstier.dk\\\/koncept\\\/wp-content\\\/uploads\\\/sites\\\/4\\\/2022\\\/01\\\/super-cykelstier-logo.svg\",\"caption\":\"Koncept for Supercykelstier\"},\"image\":{\"@id\":\"https:\\\/\\\/supercykelstier.dk\\\/koncept\\\/#\\\/schema\\\/logo\\\/image\\\/\"}}]}<\/script>\n<!-- \/ Yoast SEO plugin. -->","yoast_head_json":{"title":"L\u00f8bende monitorering af supercykelstierne - Koncept for Supercykelstier","robots":{"index":"index","follow":"follow","max-snippet":"max-snippet:-1","max-image-preview":"max-image-preview:large","max-video-preview":"max-video-preview:-1"},"canonical":"https:\/\/supercykelstier.dk\/koncept\/effektmaaling\/loebende-monitorering-af-supercykelstierne\/","og_locale":"da_DK","og_type":"article","og_title":"L\u00f8bende monitorering af supercykelstierne - Koncept for Supercykelstier","og_description":"Det er en god ide l\u00f8bende at monitorere supercykelstierne. P\u00e5 den m\u00e5de bliver det muligt at f\u00f8lge med i udviklingen over tid. Det kan g\u00f8res p\u00e5 forskellige m\u00e5der: \u00c5rlige cykelt\u00e6llinger \u00c5rlige cykelt\u00e6llinger udf\u00f8res for at monitorere udvikling af cykeltrafikken p\u00e5 supercykelstier over tid. Udover de cykelt\u00e6llinger, som udf\u00f8res som en del af f\u00f8r- og efterm\u00e5lingen [&hellip;]","og_url":"https:\/\/supercykelstier.dk\/koncept\/effektmaaling\/loebende-monitorering-af-supercykelstierne\/","og_site_name":"Koncept for Supercykelstier","article_modified_time":"2023-03-24T10:22:01+00:00","twitter_card":"summary_large_image","twitter_misc":{"Estimeret l\u00e6setid":"2 minutter"},"schema":{"@context":"https:\/\/schema.org","@graph":[{"@type":"WebPage","@id":"https:\/\/supercykelstier.dk\/koncept\/effektmaaling\/loebende-monitorering-af-supercykelstierne\/","url":"https:\/\/supercykelstier.dk\/koncept\/effektmaaling\/loebende-monitorering-af-supercykelstierne\/","name":"L\u00f8bende monitorering af supercykelstierne - Koncept for Supercykelstier","isPartOf":{"@id":"https:\/\/supercykelstier.dk\/koncept\/#website"},"datePublished":"2022-10-17T12:15:59+00:00","dateModified":"2023-03-24T10:22:01+00:00","breadcrumb":{"@id":"https:\/\/supercykelstier.dk\/koncept\/effektmaaling\/loebende-monitorering-af-supercykelstierne\/#breadcrumb"},"inLanguage":"da-DK","potentialAction":[{"@type":"ReadAction","target":["https:\/\/supercykelstier.dk\/koncept\/effektmaaling\/loebende-monitorering-af-supercykelstierne\/"]}]},{"@type":"BreadcrumbList","@id":"https:\/\/supercykelstier.dk\/koncept\/effektmaaling\/loebende-monitorering-af-supercykelstierne\/#breadcrumb","itemListElement":[{"@type":"ListItem","position":1,"name":"Hjem","item":"https:\/\/supercykelstier.dk\/koncept\/"},{"@type":"ListItem","position":2,"name":"Effektm\u00e5ling","item":"https:\/\/supercykelstier.dk\/koncept\/effektmaaling\/"},{"@type":"ListItem","position":3,"name":"L\u00f8bende monitorering af supercykelstierne"}]},{"@type":"WebSite","@id":"https:\/\/supercykelstier.dk\/koncept\/#website","url":"https:\/\/supercykelstier.dk\/koncept\/","name":"Koncept for Supercykelstier","description":"","publisher":{"@id":"https:\/\/supercykelstier.dk\/koncept\/#organization"},"potentialAction":[{"@type":"SearchAction","target":{"@type":"EntryPoint","urlTemplate":"https:\/\/supercykelstier.dk\/koncept\/?s={search_term_string}"},"query-input":{"@type":"PropertyValueSpecification","valueRequired":true,"valueName":"search_term_string"}}],"inLanguage":"da-DK"},{"@type":"Organization","@id":"https:\/\/supercykelstier.dk\/koncept\/#organization","name":"Koncept for Supercykelstier","url":"https:\/\/supercykelstier.dk\/koncept\/","logo":{"@type":"ImageObject","inLanguage":"da-DK","@id":"https:\/\/supercykelstier.dk\/koncept\/#\/schema\/logo\/image\/","url":"https:\/\/supercykelstier.dk\/koncept\/wp-content\/uploads\/sites\/4\/2022\/01\/super-cykelstier-logo.svg","contentUrl":"https:\/\/supercykelstier.dk\/koncept\/wp-content\/uploads\/sites\/4\/2022\/01\/super-cykelstier-logo.svg","caption":"Koncept for Supercykelstier"},"image":{"@id":"https:\/\/supercykelstier.dk\/koncept\/#\/schema\/logo\/image\/"}}]}},"_links":{"self":[{"href":"https:\/\/supercykelstier.dk\/koncept\/wp-json\/wp\/v2\/pages\/8243","targetHints":{"allow":["GET"]}}],"collection":[{"href":"https:\/\/supercykelstier.dk\/koncept\/wp-json\/wp\/v2\/pages"}],"about":[{"href":"https:\/\/supercykelstier.dk\/koncept\/wp-json\/wp\/v2\/types\/page"}],"author":[{"embeddable":true,"href":"https:\/\/supercykelstier.dk\/koncept\/wp-json\/wp\/v2\/users\/53"}],"replies":[{"embeddable":true,"href":"https:\/\/supercykelstier.dk\/koncept\/wp-json\/wp\/v2\/comments?post=8243"}],"version-history":[{"count":0,"href":"https:\/\/supercykelstier.dk\/koncept\/wp-json\/wp\/v2\/pages\/8243\/revisions"}],"up":[{"embeddable":true,"href":"https:\/\/supercykelstier.dk\/koncept\/wp-json\/wp\/v2\/pages\/8210"}],"wp:attachment":[{"href":"https:\/\/supercykelstier.dk\/koncept\/wp-json\/wp\/v2\/media?parent=8243"}],"curies":[{"name":"wp","href":"https:\/\/api.w.org\/{rel}","templated":true}]}}