
{"id":5191,"date":"2022-02-03T13:13:35","date_gmt":"2022-02-03T12:13:35","guid":{"rendered":"https:\/\/supercykelstier.dk\/concept\/?post_type=document&#038;p=5191"},"modified":"2022-02-03T13:13:38","modified_gmt":"2022-02-03T12:13:38","slug":"undersoegelse-af-speed-pedelecs-paa-supercykelstierne","status":"publish","type":"document","link":"https:\/\/supercykelstier.dk\/concept\/dokumenter\/undersoegelse-af-speed-pedelecs-paa-supercykelstierne\/","title":{"rendered":"Unders\u00f8gelse af speed pedelecs p\u00e5 supercykelstierne"},"content":{"rendered":"","protected":false},"excerpt":{"rendered":"<p>I 2018 blev en fors\u00f8gsordning vedtaget, der tillader speed pedelecs at k\u00f8re p\u00e5 cykelstierne. Supercykelstisamarbejdet har lavet en kortl\u00e6gning af forholdene for k\u00f8rsel med speed pedelecs (elcykler der kan k\u00f8re 45 km\/t) p\u00e5 supercykelstinettet. <\/p>","protected":false},"featured_media":0,"comment_status":"open","ping_status":"closed","template":"","meta":{"_acf_changed":false,"_relevanssi_hide_post":"","_relevanssi_hide_content":"","_relevanssi_pin_for_all":"","_relevanssi_pin_keywords":"","_relevanssi_unpin_keywords":"","_relevanssi_related_keywords":"","_relevanssi_related_include_ids":"","_relevanssi_related_exclude_ids":"","_relevanssi_related_no_append":"","_relevanssi_related_not_related":"","_relevanssi_related_posts":"","_relevanssi_noindex_reason":"","_eb_attr":"","editor_notices":[],"footnotes":""},"dokument_type":[198],"class_list":["post-5191","document","type-document","status-publish","hentry","dokument_type-analyser"],"acf":[],"yoast_head":"<!-- This site is optimized with the Yoast SEO plugin v27.5 - https:\/\/yoast.com\/product\/yoast-seo-wordpress\/ -->\n<title>Unders\u00f8gelse af speed pedelecs p\u00e5 supercykelstierne - Concept for Cycle Superhighways<\/title>\n<meta name=\"robots\" content=\"index, follow, max-snippet:-1, max-image-preview:large, max-video-preview:-1\" \/>\n<link rel=\"canonical\" href=\"https:\/\/supercykelstier.dk\/concept\/dokumenter\/undersoegelse-af-speed-pedelecs-paa-supercykelstierne\/\" \/>\n<meta property=\"og:locale\" content=\"en_US\" \/>\n<meta property=\"og:type\" content=\"article\" \/>\n<meta property=\"og:title\" content=\"Unders\u00f8gelse af speed pedelecs p\u00e5 supercykelstierne - Concept for Cycle Superhighways\" \/>\n<meta property=\"og:description\" content=\"I 2018 blev en fors\u00f8gsordning vedtaget, der tillader speed pedelecs at k\u00f8re p\u00e5 cykelstierne. Supercykelstisamarbejdet har lavet en kortl\u00e6gning af forholdene for k\u00f8rsel med speed pedelecs (elcykler der kan k\u00f8re 45 km\/t) p\u00e5 supercykelstinettet.\" \/>\n<meta property=\"og:url\" content=\"https:\/\/supercykelstier.dk\/concept\/dokumenter\/undersoegelse-af-speed-pedelecs-paa-supercykelstierne\/\" \/>\n<meta property=\"og:site_name\" content=\"Concept for Cycle Superhighways\" \/>\n<meta property=\"article:modified_time\" content=\"2022-02-03T12:13:38+00:00\" \/>\n<meta name=\"twitter:card\" content=\"summary_large_image\" \/>\n<script type=\"application\/ld+json\" class=\"yoast-schema-graph\">{\"@context\":\"https:\\\/\\\/schema.org\",\"@graph\":[{\"@type\":\"WebPage\",\"@id\":\"https:\\\/\\\/supercykelstier.dk\\\/concept\\\/dokumenter\\\/undersoegelse-af-speed-pedelecs-paa-supercykelstierne\\\/\",\"url\":\"https:\\\/\\\/supercykelstier.dk\\\/concept\\\/dokumenter\\\/undersoegelse-af-speed-pedelecs-paa-supercykelstierne\\\/\",\"name\":\"Unders\u00f8gelse af speed pedelecs p\u00e5 supercykelstierne - Concept for Cycle Superhighways\",\"isPartOf\":{\"@id\":\"https:\\\/\\\/supercykelstier.dk\\\/concept\\\/#website\"},\"datePublished\":\"2022-02-03T12:13:35+00:00\",\"dateModified\":\"2022-02-03T12:13:38+00:00\",\"breadcrumb\":{\"@id\":\"https:\\\/\\\/supercykelstier.dk\\\/concept\\\/dokumenter\\\/undersoegelse-af-speed-pedelecs-paa-supercykelstierne\\\/#breadcrumb\"},\"inLanguage\":\"en-US\",\"potentialAction\":[{\"@type\":\"ReadAction\",\"target\":[\"https:\\\/\\\/supercykelstier.dk\\\/concept\\\/dokumenter\\\/undersoegelse-af-speed-pedelecs-paa-supercykelstierne\\\/\"]}]},{\"@type\":\"BreadcrumbList\",\"@id\":\"https:\\\/\\\/supercykelstier.dk\\\/concept\\\/dokumenter\\\/undersoegelse-af-speed-pedelecs-paa-supercykelstierne\\\/#breadcrumb\",\"itemListElement\":[{\"@type\":\"ListItem\",\"position\":1,\"name\":\"Hjem\",\"item\":\"https:\\\/\\\/supercykelstier.dk\\\/concept\\\/\"},{\"@type\":\"ListItem\",\"position\":2,\"name\":\"Unders\u00f8gelse af speed pedelecs p\u00e5 supercykelstierne\"}]},{\"@type\":\"WebSite\",\"@id\":\"https:\\\/\\\/supercykelstier.dk\\\/concept\\\/#website\",\"url\":\"https:\\\/\\\/supercykelstier.dk\\\/concept\\\/\",\"name\":\"Concept for Cycle Superhighways\",\"description\":\"\",\"publisher\":{\"@id\":\"https:\\\/\\\/supercykelstier.dk\\\/concept\\\/#organization\"},\"potentialAction\":[{\"@type\":\"SearchAction\",\"target\":{\"@type\":\"EntryPoint\",\"urlTemplate\":\"https:\\\/\\\/supercykelstier.dk\\\/concept\\\/?s={search_term_string}\"},\"query-input\":{\"@type\":\"PropertyValueSpecification\",\"valueRequired\":true,\"valueName\":\"search_term_string\"}}],\"inLanguage\":\"en-US\"},{\"@type\":\"Organization\",\"@id\":\"https:\\\/\\\/supercykelstier.dk\\\/concept\\\/#organization\",\"name\":\"Concept for Cycle Superhighways\",\"url\":\"https:\\\/\\\/supercykelstier.dk\\\/concept\\\/\",\"logo\":{\"@type\":\"ImageObject\",\"inLanguage\":\"en-US\",\"@id\":\"https:\\\/\\\/supercykelstier.dk\\\/concept\\\/#\\\/schema\\\/logo\\\/image\\\/\",\"url\":\"https:\\\/\\\/supercykelstier.dk\\\/concept\\\/wp-content\\\/uploads\\\/sites\\\/5\\\/2022\\\/01\\\/super-cykelstier-logo.svg\",\"contentUrl\":\"https:\\\/\\\/supercykelstier.dk\\\/concept\\\/wp-content\\\/uploads\\\/sites\\\/5\\\/2022\\\/01\\\/super-cykelstier-logo.svg\",\"caption\":\"Concept for Cycle Superhighways\"},\"image\":{\"@id\":\"https:\\\/\\\/supercykelstier.dk\\\/concept\\\/#\\\/schema\\\/logo\\\/image\\\/\"}}]}<\/script>\n<!-- \/ Yoast SEO plugin. -->","yoast_head_json":{"title":"Unders\u00f8gelse af speed pedelecs p\u00e5 supercykelstierne - Concept for Cycle Superhighways","robots":{"index":"index","follow":"follow","max-snippet":"max-snippet:-1","max-image-preview":"max-image-preview:large","max-video-preview":"max-video-preview:-1"},"canonical":"https:\/\/supercykelstier.dk\/concept\/dokumenter\/undersoegelse-af-speed-pedelecs-paa-supercykelstierne\/","og_locale":"en_US","og_type":"article","og_title":"Unders\u00f8gelse af speed pedelecs p\u00e5 supercykelstierne - Concept for Cycle Superhighways","og_description":"I 2018 blev en fors\u00f8gsordning vedtaget, der tillader speed pedelecs at k\u00f8re p\u00e5 cykelstierne. Supercykelstisamarbejdet har lavet en kortl\u00e6gning af forholdene for k\u00f8rsel med speed pedelecs (elcykler der kan k\u00f8re 45 km\/t) p\u00e5 supercykelstinettet.","og_url":"https:\/\/supercykelstier.dk\/concept\/dokumenter\/undersoegelse-af-speed-pedelecs-paa-supercykelstierne\/","og_site_name":"Concept for Cycle Superhighways","article_modified_time":"2022-02-03T12:13:38+00:00","twitter_card":"summary_large_image","schema":{"@context":"https:\/\/schema.org","@graph":[{"@type":"WebPage","@id":"https:\/\/supercykelstier.dk\/concept\/dokumenter\/undersoegelse-af-speed-pedelecs-paa-supercykelstierne\/","url":"https:\/\/supercykelstier.dk\/concept\/dokumenter\/undersoegelse-af-speed-pedelecs-paa-supercykelstierne\/","name":"Unders\u00f8gelse af speed pedelecs p\u00e5 supercykelstierne - Concept for Cycle Superhighways","isPartOf":{"@id":"https:\/\/supercykelstier.dk\/concept\/#website"},"datePublished":"2022-02-03T12:13:35+00:00","dateModified":"2022-02-03T12:13:38+00:00","breadcrumb":{"@id":"https:\/\/supercykelstier.dk\/concept\/dokumenter\/undersoegelse-af-speed-pedelecs-paa-supercykelstierne\/#breadcrumb"},"inLanguage":"en-US","potentialAction":[{"@type":"ReadAction","target":["https:\/\/supercykelstier.dk\/concept\/dokumenter\/undersoegelse-af-speed-pedelecs-paa-supercykelstierne\/"]}]},{"@type":"BreadcrumbList","@id":"https:\/\/supercykelstier.dk\/concept\/dokumenter\/undersoegelse-af-speed-pedelecs-paa-supercykelstierne\/#breadcrumb","itemListElement":[{"@type":"ListItem","position":1,"name":"Hjem","item":"https:\/\/supercykelstier.dk\/concept\/"},{"@type":"ListItem","position":2,"name":"Unders\u00f8gelse af speed pedelecs p\u00e5 supercykelstierne"}]},{"@type":"WebSite","@id":"https:\/\/supercykelstier.dk\/concept\/#website","url":"https:\/\/supercykelstier.dk\/concept\/","name":"Concept for Cycle Superhighways","description":"","publisher":{"@id":"https:\/\/supercykelstier.dk\/concept\/#organization"},"potentialAction":[{"@type":"SearchAction","target":{"@type":"EntryPoint","urlTemplate":"https:\/\/supercykelstier.dk\/concept\/?s={search_term_string}"},"query-input":{"@type":"PropertyValueSpecification","valueRequired":true,"valueName":"search_term_string"}}],"inLanguage":"en-US"},{"@type":"Organization","@id":"https:\/\/supercykelstier.dk\/concept\/#organization","name":"Concept for Cycle Superhighways","url":"https:\/\/supercykelstier.dk\/concept\/","logo":{"@type":"ImageObject","inLanguage":"en-US","@id":"https:\/\/supercykelstier.dk\/concept\/#\/schema\/logo\/image\/","url":"https:\/\/supercykelstier.dk\/concept\/wp-content\/uploads\/sites\/5\/2022\/01\/super-cykelstier-logo.svg","contentUrl":"https:\/\/supercykelstier.dk\/concept\/wp-content\/uploads\/sites\/5\/2022\/01\/super-cykelstier-logo.svg","caption":"Concept for Cycle Superhighways"},"image":{"@id":"https:\/\/supercykelstier.dk\/concept\/#\/schema\/logo\/image\/"}}]}},"_links":{"self":[{"href":"https:\/\/supercykelstier.dk\/concept\/wp-json\/wp\/v2\/dokumenter\/5191","targetHints":{"allow":["GET"]}}],"collection":[{"href":"https:\/\/supercykelstier.dk\/concept\/wp-json\/wp\/v2\/dokumenter"}],"about":[{"href":"https:\/\/supercykelstier.dk\/concept\/wp-json\/wp\/v2\/types\/document"}],"replies":[{"embeddable":true,"href":"https:\/\/supercykelstier.dk\/concept\/wp-json\/wp\/v2\/comments?post=5191"}],"version-history":[{"count":0,"href":"https:\/\/supercykelstier.dk\/concept\/wp-json\/wp\/v2\/dokumenter\/5191\/revisions"}],"wp:attachment":[{"href":"https:\/\/supercykelstier.dk\/concept\/wp-json\/wp\/v2\/media?parent=5191"}],"wp:term":[{"taxonomy":"dokument_type","embeddable":true,"href":"https:\/\/supercykelstier.dk\/concept\/wp-json\/wp\/v2\/dokument_type?post=5191"}],"curies":[{"name":"wp","href":"https:\/\/api.w.org\/{rel}","templated":true}]}}

Undersøgelse af speed pedelecs på supercykelstierne

<p>I 2018 blev en forsøgsordning vedtaget, der tillader speed pedelecs at køre på cykelstierne. Supercykelstisamarbejdet har lavet en kortlægning af forholdene for kørsel med speed pedelecs (elcykler der kan køre 45 km/t) på supercykelstinettet. </p>

<!-- This site is optimized with the Yoast SEO plugin v27.5 - https://yoast.com/product/yoast-seo-wordpress/ -->
<title>Undersøgelse af speed pedelecs på supercykelstierne - Concept for Cycle Superhighways</title>
<meta name="robots" content="index, follow, max-snippet:-1, max-image-preview:large, max-video-preview:-1" />
<link rel="canonical" href="https://supercykelstier.dk/concept/dokumenter/undersoegelse-af-speed-pedelecs-paa-supercykelstierne/" />
<meta property="og:locale" content="en_US" />
<meta property="og:type" content="article" />
<meta property="og:title" content="Undersøgelse af speed pedelecs på supercykelstierne - Concept for Cycle Superhighways" />
<meta property="og:description" content="I 2018 blev en forsøgsordning vedtaget, der tillader speed pedelecs at køre på cykelstierne. Supercykelstisamarbejdet har lavet en kortlægning af forholdene for kørsel med speed pedelecs (elcykler der kan køre 45 km/t) på supercykelstinettet." />
<meta property="og:url" content="https://supercykelstier.dk/concept/dokumenter/undersoegelse-af-speed-pedelecs-paa-supercykelstierne/" />
<meta property="og:site_name" content="Concept for Cycle Superhighways" />
<meta property="article:modified_time" content="2022-02-03T12:13:38+00:00" />
<meta name="twitter:card" content="summary_large_image" />
<script type="application/ld+json" class="yoast-schema-graph">{"@context":"https:\/\/schema.org","@graph":[{"@type":"WebPage","@id":"https:\/\/supercykelstier.dk\/concept\/dokumenter\/undersoegelse-af-speed-pedelecs-paa-supercykelstierne\/","url":"https:\/\/supercykelstier.dk\/concept\/dokumenter\/undersoegelse-af-speed-pedelecs-paa-supercykelstierne\/","name":"Undersøgelse af speed pedelecs på supercykelstierne - Concept for Cycle Superhighways","isPartOf":{"@id":"https:\/\/supercykelstier.dk\/concept\/#website"},"datePublished":"2022-02-03T12:13:35+00:00","dateModified":"2022-02-03T12:13:38+00:00","breadcrumb":{"@id":"https:\/\/supercykelstier.dk\/concept\/dokumenter\/undersoegelse-af-speed-pedelecs-paa-supercykelstierne\/#breadcrumb"},"inLanguage":"en-US","potentialAction":[{"@type":"ReadAction","target":["https:\/\/supercykelstier.dk\/concept\/dokumenter\/undersoegelse-af-speed-pedelecs-paa-supercykelstierne\/"]}]},{"@type":"BreadcrumbList","@id":"https:\/\/supercykelstier.dk\/concept\/dokumenter\/undersoegelse-af-speed-pedelecs-paa-supercykelstierne\/#breadcrumb","itemListElement":[{"@type":"ListItem","position":1,"name":"Hjem","item":"https:\/\/supercykelstier.dk\/concept\/"},{"@type":"ListItem","position":2,"name":"Undersøgelse af speed pedelecs på supercykelstierne"}]},{"@type":"WebSite","@id":"https:\/\/supercykelstier.dk\/concept\/#website","url":"https:\/\/supercykelstier.dk\/concept\/","name":"Concept for Cycle Superhighways","description":"","publisher":{"@id":"https:\/\/supercykelstier.dk\/concept\/#organization"},"potentialAction":[{"@type":"SearchAction","target":{"@type":"EntryPoint","urlTemplate":"https:\/\/supercykelstier.dk\/concept\/?s={search_term_string}"},"query-input":{"@type":"PropertyValueSpecification","valueRequired":true,"valueName":"search_term_string"}}],"inLanguage":"en-US"},{"@type":"Organization","@id":"https:\/\/supercykelstier.dk\/concept\/#organization","name":"Concept for Cycle Superhighways","url":"https:\/\/supercykelstier.dk\/concept\/","logo":{"@type":"ImageObject","inLanguage":"en-US","@id":"https:\/\/supercykelstier.dk\/concept\/#\/schema\/logo\/image\/","url":"https:\/\/supercykelstier.dk\/concept\/wp-content\/uploads\/sites\/5\/2022\/01\/super-cykelstier-logo.svg","contentUrl":"https:\/\/supercykelstier.dk\/concept\/wp-content\/uploads\/sites\/5\/2022\/01\/super-cykelstier-logo.svg","caption":"Concept for Cycle Superhighways"},"image":{"@id":"https:\/\/supercykelstier.dk\/concept\/#\/schema\/logo\/image\/"}}]}</script>
<!-- / Yoast SEO plugin. -->

Undersøgelse af speed pedelecs på supercykelstierne - Concept for Cycle Superhighways

I 2018 blev en forsøgsordning vedtaget, der tillader speed pedelecs at køre på cykelstierne. Supercykelstisamarbejdet har lavet en kortlægning af forholdene for kørsel med speed pedelecs (elcykler der kan køre 45 km/t) på supercykelstinettet.
